prime factors of 38664975?
3, 5, 29, 613
List the prime factors of 8483075.
5, 339323
What are the prime factors of 57606430?
2, 5, 7, 822949
List the prime factors of 49535657.
49535657
List the prime factors of 74602231.
11, 6782021
What are the prime factors of 676578343?
7, 96654049
What are the prime factors of 68238112?
2, 373, 5717
List the prime factors of 4157336203.
73, 547, 104113
List the prime factors of 2435524511.
7, 347932073
List the prime factors of 1536102068.
2, 384025517
List the prime factors of 563499451.
563499451
List the prime factors of 9820302123.
3, 3273434041
What are the prime factors of 142511100?
2, 3, 5, 475037
List the prime factors of 98188094.
2, 49094047
What are the prime factors of 60328958?
2, 41, 735719
List the prime factors of 240148275.
3, 5, 29, 41, 2693
List the prime factors of 1228975129.
31, 47, 843497
List the prime factors of 2710479842.
2, 7, 193605703
List the prime factors of 6480005489.
541, 11977829
List the prime factors of 2692457067.
3, 1907, 470627
What are the prime factors of 99205529?
3457, 28697
What are the prime factors of 293797496?
2, 269, 136523
List the prime factors of 3281694805.
5, 229, 2866109
List the prime factors of 21924655.
5, 4384931
What are the prime factors of 6678460458?
2, 3, 23, 16131547
What are the prime factors of 593549513?
593549513
What are the prime factors of 710974849?
13, 1487, 36779
What are the prime factors of 1323519110?
2, 5, 29, 431, 10589
List the prime factors of 6832552578.
2, 3, 2617, 435139
List the prime factors of 274326369.
3, 43, 139, 15299
List the prime factors of 1841779026.
2, 3, 419, 81401
List the prime factors of 28070330.
2, 5, 113, 24841
What are the prime factors of 5006560277?
5006560277
What are the prime factors of 1043841?
3, 19, 18313
What are the prime factors of 601970461?
601970461
What are the prime factors of 223718620?
2, 5, 11185931
List the prime factors of 1538512780.
2, 5, 7, 23, 199
What are the prime factors of 474118564?
2, 29, 4087229
List the prime factors of 659291043.
3, 31, 47, 150833
List the prime factors of 203202220.
2, 5, 13, 79, 761
What are the prime factors of 68700223?
68700223
What are the prime factors of 32747685?
3, 5, 71, 97, 317
List the prime factors of 1982394478.
2, 1789, 554051
List the prime factors of 193754058.
2, 3, 19, 1699597
List the prime factors of 227741454.
2, 3, 12652303
List the prime factors of 212659968.
2, 3, 276901
List the prime factors of 3089695059.
3, 11, 2017, 15473
What are the prime factors of 874565994?
2, 3, 145760999
What are the prime factors of 33474870?
2, 3, 5, 11, 13, 17
What are the prime factors of 206862908?
2, 7, 1055423
List the prime factors of 714354559.
714354559
What are the prime factors of 79273729?
79273729
What are the prime factors of 3454968480?
2, 3, 5, 17, 423403
What are the prime factors of 479926621?
479926621
List the prime factors of 2401214071.
107, 22441253
List the prime factors of 1565726658.
2, 3, 260954443
What are the prime factors of 143662707?
3, 5320841
What are the prime factors of 6347505790?
2, 5, 29, 71, 149, 2069
What are the prime factors of 1209649890?
2, 3, 5, 40321663
What are the prime factors of 236962410?
2, 3, 5, 7898747
List the prime factors of 2378698155.
3, 5, 52859959
List the prime factors of 519504091.
519504091
List the prime factors of 53364968.
2, 23, 290027
List the prime factors of 3025009863.
3, 937, 358711
What are the prime factors of 51610654?
2, 1171, 22037
What are the prime factors of 216580521?
3, 89, 811163
List the prime factors of 64949719.
64949719
List the prime factors of 855575074.
2, 427787537
List the prime factors of 2275084055.
5, 41, 73, 152027
List the prime factors of 659920203.
3, 491, 5531
List the prime factors of 75673663.
13, 5821051
What are the prime factors of 205858940?
2, 5, 7, 137, 10733
List the prime factors of 88550242.
2, 11, 41, 127, 773
List the prime factors of 239303246.
2, 7, 13, 1314853
List the prime factors of 6420911936.
2, 100326749
List the prime factors of 105776565.
3, 5, 7051771
What are the prime factors of 2291897034?
2, 3, 7, 163, 111593
What are the prime factors of 713167942?
2, 29, 47, 431, 607
What are the prime factors of 968209531?
3373, 287047
What are the prime factors of 375114739?
19, 29, 35831
What are the prime factors of 5363138?
2, 11, 433, 563
What are the prime factors of 6221277816?
2, 3, 13, 19939993
What are the prime factors of 252887616?
2, 3, 146347
List the prime factors of 158417911.
3943, 40177
What are the prime factors of 2774718995?
5, 554943799
List the prime factors of 518013188.
2, 7, 11, 17, 19, 41, 127
What are the prime factors of 1474637785?
5, 19, 1511, 10273
What are the prime factors of 2043826909?
19433, 105173
What are the prime factors of 525210561?
3, 29, 223589
What are the prime factors of 265174732?
2, 4003, 16561
List the prime factors of 47661574.
2, 17, 1401811
List the prime factors of 34275708.
2, 3, 31, 30713
What are the prime factors of 9381776?
2, 586361
List the prime factors of 27203568.
2, 3, 7, 80963
What are the prime factors of 2395245525?
3, 5, 31936607
What are the prime factors of 45660228?
2, 3, 97, 39227
What are the prime factors of 878778244?
2, 1723, 127507
List the prime factors of 47719581.
3, 7, 13, 24971
List the prime factors of 1892735689.
13, 145595053
What are the prime factors of 249411496?
2, 1831, 17027
What are the prime factors of 6572478853?
89, 3109, 23753
What are the prime factors of 184302358?
2, 23, 1583, 2531
List the prime factors of 4314315348.
2, 3, 7, 2445757
List the prime factors of 661310348.
2, 6551, 25237
List the prime factors of 129683824.
2, 29, 269, 1039
List the prime factors of 3258063251.
1811, 1799041
List the prime factors of 373037912.
2, 13, 3586903
List the prime factors of 51398831.
11, 4672621
List the prime factors of 2580227017.
67, 4919, 7829
What are the prime factors of 1537337549?
11, 23, 552403
What are the prime factors of 3022685268?
2, 3, 557, 452227
List the prime factors of 507741838.
2, 109, 2329091
What are the prime factors of 267800581?
523, 512047
List the prime factors of 298547496.
2, 3, 13, 467, 683
What are the prime factors of 495018315?
3, 5, 11, 1000037
List the prime factors of 114701055.
3, 5, 7, 1092391
List the prime factors of 2196151094.
2, 4457, 246371
What are the prime factors of 450199144?
2, 56274893
What are the prime factors of 2595617613?
3, 17, 103, 164707
List the prime factors of 1404938559.
3, 257, 1822229
List the prime factors of 485704673.
29, 199, 84163
What are the prime factors of 242374742?
2, 353, 343307
List the prime factors of 2443115488.
2, 11, 727, 9547
What are the prime factors of 48270757?
53, 263, 3463
What are the prime factors of 15900888?
2, 3, 662537
What are the prime factors of 277284635?
5, 55456927
List the prime factors of 89247822.
2, 3, 31, 439, 1093
What are the prime factors of 3560416?
2, 111263
List the prime factors of 561309213.
3, 17, 1759, 6257
List the prime factors of 243881899.
41, 661, 8999
List the prime factors of 72412402.
2, 36206201
What are the prime factors of 2697067163?
7, 113, 487099
What are the prime factors of 3285718582?
2, 31, 47, 36373
What are the prime factors of 2106716997?
3, 7, 11, 9119987
List the prime factors of 99603427.
7, 11, 26399
List the prime factors of 5967939.
3, 29, 68597
List the prime factors of 1921802005.
5, 384360401
List the prime factors of 146247227.
7, 157, 133073
List the prime factors of 1043268010.
2, 5, 1021, 102181
List the prime factors of 1530238421.
1530238421
List the prime factors of 2448891257.
353, 6937369
List the prime factors of 6426979327.
47, 59, 151, 15349
What are the prime factors of 430681932?
2, 3, 11963387
List the prime factors of 581285560.
2, 5, 113, 128603
What are the prime factors of 1655156214?
2, 3, 30651041
What are the prime factors of 555226222?
2, 17, 269, 3571
List the prime factors of 62652595.
5, 19, 659501
List the prime factors of 39961654.
2, 317, 63031
List the prime factors of 2718394983.
3, 8521, 35447
List the prime factors of 431009096.
2, 7, 1099513
List the prime factors of 43173740.
2, 5, 347, 6221
List the prime factors of 9630725.
5, 13, 29633
What are the